 the highest common factor of 14 and d?
14
Let c be 46 - ((-3 - 0) + 5). Suppose 0 = 2*a - 7*a - 115. Let u = a + c. Calculate the highest common divisor of 7 and u.
7
Suppose 30 = -5*m - 15. Let k = m + 11. What is the highest common divisor of 3 and k?
1
Suppose 4*k + 5*w = 87, -3*k - w - 33 = -4*k. Let j(v) = 5*v + 2. Let g be j(8). Calculate the greatest common divisor of g and k.
14
Suppose 4*b - 12 = b. Let q(s) = -3*s + 0*s**2 + 3 - b + s**2. Let i be q(6). Calculate the greatest common divisor of i and 153.
17
Suppose 4*g - 5*g = -5*y - 37, 0 = 2*g + 5*y - 44. What is the highest common factor of g and 189?
27
Suppose 3*c = -c + 20. Suppose -5*f + c*r = -345, -3*f - r = -6*r - 215. Let u be (-117)/(-12)*(-16)/(-6). Calculate the greatest common factor of f and u.
13
Let d be 1*33/(-3*1). Let j(i) = -i**3 - 10*i**2 + 9*i - 16. Let y be j(d). What is the highest common divisor of 4 and y?
2
Suppose -2*j + 186 = -98. Let h = 241 - j. Calculate the greatest common factor of 9 and h.
9
Suppose 0 = b - 25 + 1. Suppose b = -4*o + 96. Calculate the greatest common divisor of 2 and o.
2
Let t(q) = 2*q**3 - 2*q**2 + q + 2. Let m be t(-1). Let w = m + 5. Let a = 62 - 40. What is the highest common factor of w and a?
2
Let h = 1898 - 1250. Suppose -4*c = -c - h. Suppose 0*b = 2*b - c. Calculate the highest common factor of 12 and b.
12
Let r(c) be the first derivative of -c**3/3 + c**2/2 + 8*c - 2. Let t be r(0). Calculate the greatest common factor of t and 4.
4
Let l(s) = -3*s - 7. Let k be 5/4*(-5 + 1). Let m be l(k). What is the highest common divisor of m and 2?
2
Suppose 2*m - 4*r = -2*m + 104, -2*m - 4*r + 40 = 0. Let g(h) = h**3 - 4*h**2 + 11*h - 8. Let i be g(7). Calculate the greatest common divisor of m and i.
24
Let r(c) be the first derivative of c**2 + c - 1. Let b be (-1)/3 - 12/(-9). Let s be r(b). What is the greatest common divisor of 3 and s?
3
Let d(o) = o**3 + 2*o**2 - 11*o - 5. Let k be d(-4). What is the highest common factor of 154 and k?
7
Let r(l) = 11*l. Let d be r(1). Let a(f) = -4*f + 1. Let x be a(7). Let p = -16 - x. What is the highest common factor of p and d?
11
Suppose -l - 2 = l. Let y be -1*(4 - 2)*l. Suppose -2*b = -0*b - y. What is the greatest common divisor of 4 and b?
1
Let g(r) = -r**3 - 2*r**2 + 7*r + 6. Let h be g(-4). Suppose -5*x + 3*j - 7 = 0, -j + 3 = 4. Let o = 8 - x. Calculate the greatest common factor of h and o.
10
Let d = -2 + 9. Suppose -4*x + 4*g + 69 = x, -5*g - 65 = -5*x. Let v = x - d. What is the greatest common factor of 2 and v?
2
Let h be 3/(18/(-9) + 118/56). Calculate the highest common divisor of 56 and h.
28
Let j be (-3)/15 - 1152/(-10). Calculate the highest common divisor of 23 and j.
23
Let u(c) = -c + 19. Let s be u(0). Suppose -3*t - 6 = -6*t. Let p be 5/10 + 37/t. Calculate the highest common divisor of p and s.
19
Let l(a) = -9*a + 9*a + 2*a**2 + 8. Let q be l(4). Calculate the highest common divisor of 8 and q.
8
Let s = -34 - -23. Let u = 25 + s. What is the highest common divisor of u and 112?
14
Suppose 4*f = -0 - 8. Let i(y) = -4*y - 2. Let j be i(f). What is the greatest common factor of 18 and j?
6
Let t be 2 - ((-296)/4 - 1). What is the greatest common factor of t and 11?
11
Let f = 14 + 12. Let t be 67 + (3/(-3) - 1). What is the highest common divisor of f and t?
13
Let j be (-6)/4*16/(-6). Let x = 9 + 7. What is the greatest common factor of x and j?
4
Suppose 6*n + 3 = 3*n. Let h be (10/2 + n)*1. Let j(x) = 8*x - 8. Let a be j(2). Calculate the highest common factor of a and h.
4
Let a = 19 - 12. Let l(t) = t**2 + t + 1. Let o be l(-3). Calculate the greatest common factor of o and a.
7
Let t(j) be the first derivative of 1 - j**2 - 2/3*j**3 - 5/4*j**4 + 0*j. Let k be t(-2). What is the greatest common divisor of 9 and k?
9
Let r be (5 - (-55)/(-10))/((-3)/798). Suppose 4*a - 57 = a. Calculate the highest common divisor of a and r.
19
Suppose 0 = -4*x + 13 + 3. Suppose r = -r + x. Suppose -r*c - 3*c = -50. Calculate the highest common divisor of 15 and c.
5
Let g be 2/4 - (-175)/10. Let d = -9 + g. What is the highest common factor of d and 3?
3
Suppose 37*t - 35*t = 6. Calculate the greatest common factor of 33 and t.
3
Suppose -2*s - n + 55 = 0, 5*n + 29 + 88 = 4*s. Calculate the greatest common factor of 4 and s.
4
Let v be 10/(-40) + 21/4. Suppose -v*r = r - 78. Calculate the highest common factor of r and 130.
13
Suppose 5*p - 4*y - 929 = 0, 4*p - 2*p + 2*y - 386 = 0. What is the greatest common factor of p and 21?
21
Let z = 71 - -39. Calculate the highest common factor of z and 22.
22
Suppose 0 = -17*k - k + 126. Calculate the greatest common divisor of 203 and k.
7
Let m(w) = w**2 - 19*w - 7. Let o be m(21). What is the highest common factor of o and 10?
5
Suppose -22 = -5*d + 58. Calculate the greatest common factor of d and 176.
16
Suppose 5*k + 0*k - 10 = 0. Calculate the highest common divisor of 18 and k.
2
Let q be (0 - -1)*(-2 + 7). Let g = 14 - q. Let b(u) = -u**2 + 9*u + 8. Let h be b(g). What is the highest common factor of h and 2?
2
Let l(z) = -2*z. Let x be l(-6). Let s(u) = -u**3 + 8*u**2 + 2*u - 3. Let f be s(7). What is the greatest common factor of x and f?
12
Let k(g) = 5*g - 1. Let v be k(6). Let d = -19 + v. Suppose -3*n + 14 = -d. Calculate the highest common divisor of n and 12.
4
Let v(t) = -t**3 - 5*t**2 - 5*t. Let j be v(-4). Let g(b) = b**3 + 3*b. Let f be g(j). Let h = -26 - -45. What is the highest common factor of h and f?
19
Let m be (-4)/6 - 772*(-5)/30. Suppose -5 - 5 = -5*p. Suppose -p*d - 2*q + 24 = 0, 2*d + q = -3*d + 76. What is the greatest common divisor of m and d?
16
Let m be 40/(-1)*(-35)/(-14). Let r = -36 - m. What is the greatest common factor of r and 16?
16
Let y be 216/(-10)*15/(-2). Suppose -3*m - 98 = 4*p - 14, -3*m + 60 = -4*p. Let d be p/7*1*-7. Calculate the greatest common factor of y and d.
18
Let c = -12 - -16. Let i be (165 + 3)/(6/c). Calculate the greatest common factor of 14 and i.
14
Let r be ((-2)/5)/((-2)/40). Calculate the highest common factor of 12 and r.
4
Let d = -21 - -37. What is the highest common divisor of d and 8?
8
Suppose 3*y + 41 = 2*r, 3*r - r - 65 = -5*y. Let v(z) = z + 3. Let c be v(-3). Let n = c + 5. What is the greatest common divisor of n and r?
5
Suppose -3*w - c = -26, 0 = 5*w + c + 14 - 60. What is the greatest common divisor of 110 and w?
10
Let f = -42 + 60. Calculate the greatest common factor of 198 and f.
18
Let o(m) = -m**2 + 20*m + 65. Let h be o(21). What is the greatest common factor of h and 55?
11
Suppose -4*l - 5 = 87. Let b = l - -24. Calculate the greatest common divisor of b and 2.
1
Let i(h) = -5*h - 1. Let m(l) = -16*l - 2. Let j(a) = -10*i(a) + 3*m(a). Let f be j(3). What is the highest common divisor of f and 50?
10
Let v be 1 + -2 + (-4)/2. Let p be ((-3)/(-6))/(v/(-30)). Let q be ((-62)/8 + -1)*-4. Calculate the highest common divisor of p and q.
5
Let b be (4/6)/(1/21). Suppose 3*w + 20 = 5*c, b = 3*c - w + 2. Let u = c + 0. What is the greatest common factor of 24 and u?
4
Let v be -1*(0 - 1) - -10. Let n = v + -3. What is the highest common factor of n and 64?
8
Let q be ((-4)/(-10))/((-4)/(-120)). Suppose -x = 4*r - q, 3*r - 6*x = -3*x - 6. Let c = 48 - 26. Calculate the highest common factor of r and c.
2
Let y(h) = -2*h - 4. Suppose -49 = -3*n - 16. Suppose -5*r - n = 14. Let d be y(r). Calculate the greatest common divisor of 66 and d.
6
Let m(s) = s**2 + 5*s - 2. Let o be m(-8). Calculate the highest common factor of o and 99.
11
Let p(l) = -l**3 + 15*l**2 - 17*l + 43. Let g be p(14). What is the highest common divisor of 9 and g?
1
Let p = -118 - -208. Calculate the greatest common divisor of 36 and p.
18
Let t = -1 - -24. What is the highest common factor of t and 184?
23
Suppose 0 = 5*k + x - 346, -152 = -2*k - 0*x + 3*x. Calculate the greatest common divisor of 10 and k.
10
Suppose 0*c = 2*c + 4. Let a be ((-7)/c)/((-2)/(-16)). Let i be (-12)/30 - (-36)/(-10) - -46. What is the highest common divisor of a and i?
14
Let w(i) = -2*i + 1. Let q be w(-1). Let u(c) = 7*c**2 + c - 4*c - c**q - c**2 - 5. Let l be u(4). What is the greatest common divisor of l and 5?
5
Let f = -20 + 18. Let y(m) = -m + 7. Let d be y(6). Let h be 17 + 4 + 